 composite?
True
Is 13281533 composite?
True
Is 4559147 a composite number?
False
Is 181858969 composite?
False
Is 133473593 composite?
True
Is 6764489 prime?
False
Is 85117 a prime number?
False
Is 193788553 a composite number?
True
Is 167737 composite?
True
Is 60715679 a prime number?
False
Is 214700179 a prime number?
False
Is 6419519 composite?
True
Is 3720415 a prime number?
False
Is 2693591 composite?
False
Is 704747 prime?
True
Is 1909793 a prime number?
False
Is 4502489 a prime number?
True
Is 613453339 a prime number?
False
Is 630577 composite?
False
Is 172128323 composite?
True
Is 827422 composite?
True
Is 76205027 a composite number?
True
Is 176234983 a composite number?
False
Is 6869693 composite?
True
Is 22659629 prime?
True
Is 4819667 a prime number?
True
Is 20725241 a prime number?
True
Is 7753511 a prime number?
False
Is 70054553 composite?
False
Is 23798867 a prime number?
False
Is 27984631 a composite number?
False
Is 30717431 composite?
False
Is 121870211 prime?
True
Is 78108647 prime?
True
Is 705437 a composite number?
False
Is 76189859 composite?
False
Is 20525971 composite?
False
Is 3056327 a composite number?
False
Is 3243613 composite?
False
Is 291150943 a prime number?
True
Is 18504082 prime?
False
Is 109699867 composite?
True
Is 5946869 composite?
False
Is 10760489 a prime number?
True
Is 65642077 a prime number?
True
Is 12515743 composite?
False
Is 151133803 a composite number?
False
Is 166719431 a composite number?
True
Is 75800323 prime?
False
Is 1933753 a composite number?
True
Is 148145119 a prime number?
False
Is 6326501 a prime number?
False
Is 15847813 composite?
True
Is 3578429 a prime number?
False
Is 5169701 a prime number?
False
Is 96676757 composite?
False
Is 424079 composite?
False
Is 8257307 composite?
False
Is 1838626 composite?
True
Is 4247437 prime?
False
Is 1810727 a composite number?
True
Is 40928507 a composite number?
False
Is 74615133 a prime number?
False
Is 4043483 prime?
True
Is 83741501 composite?
True
Is 41458987 a composite number?
True
Is 8830529 composite?
True
Is 123045211 composite?
False
Is 1795819 composite?
True
Is 6845423 a composite number?
True
Is 31770359 a prime number?
True
Is 32199891 composite?
True
Is 11161321 a composite number?
False
Is 135369511 a composite number?
False
Is 13024507 a prime number?
True
Is 407024701 prime?
False
Is 2454461 composite?
True
Is 537839 a composite number?
True
Is 10208189 a composite number?
True
Is 7758223 a composite number?
True
Is 7163983 a composite number?
False
Is 63406327 a composite number?
False
Is 65332021 prime?
False
Is 408282947 prime?
True
Is 18415627 a composite number?
False
Is 118024861 a prime number?
False
Is 61459337 a composite number?
False
Is 603431 prime?
True
Is 62953907 composite?
True
Is 48264779 composite?
False
Is 79953395 prime?
False
Is 266897743 a composite number?
True
Is 1249999 composite?
False
Is 8897201 composite?
True
Is 126773249 a composite number?
True
Is 933994 a composite number?
True
Is 3040055 a composite number?
True
Is 17633621 composite?
False
Is 76907 a prime number?
True
Is 110472823 a prime number?
True
Is 497323 a composite number?
False
Is 9712609 a composite number?
False
Is 5851831 prime?
True
Is 453533 composite?
True
Is 79949297 a prime number?
True
Is 236571683 a prime number?
True
Is 377045173 a composite number?
True
Is 49683827 a composite number?
False
Is 7802647 prime?
False
Is 10218343 a composite number?
True
Is 28046807 composite?
True
Is 20901581 composite?
False
Is 89591 a composite number?
False
Is 2523569 composite?
False
Is 5858266 composite?
True
Is 1010567989 a composite number?
True
Is 67157521 composite?
True
Is 60916177 composite?
True
Is 273549 a prime number?
False
Is 5375963 composite?
True
Is 2403619 a composite number?
False
Is 3983803 composite?
True
Is 3762043 a prime number?
False
Is 25548499 prime?
True
Is 20120053 composite?
True
Is 32735491 composite?
True
Is 1104209045 composite?
True
Is 320970239 a prime number?
True
Is 70096339 a composite number?
True
Is 1489211 prime?
False
Is 50450831 a prime number?
True
Is 5907113 composite?
True
Is 2413487 prime?
False
Is 43016851 a prime number?
False
Is 422156441 composite?
True
Is 103502981 composite?
False
Is 116341361 composite?
False
Is 316802663 composite?
True
Is 101627 a prime number?
True
Is 2100781 a prime number?
True
Is 4374074 composite?
True
Is 212780699 a composite number?
False
Is 10598054 composite?
True
Is 3788831 a composite number?
True
Is 6285179 a composite number?
False
Is 7671094 a composite number?
True
Is 3202415 a prime number?
False
Is 2546497 a composite number?
False
Is 4044319 composite?
False
Is 53075707 a prime number?
False
Is 15647909 prime?
False
Is 1460567 a composite number?
False
Is 2556341 a composite number?
True
Is 558127 a prime number?
False
Is 472048069 a composite number?
True
Is 179778683 a prime number?
False
Is 351317 a prime number?
False
Is 848580167 a prime number?
False
Is 22953466 a composite number?
True
Is 13644346 prime?
False
Is 7867607 composite?
True
Is 377872097 a composite number?
False
Is 25381771 prime?
True
Is 239327741 a prime number?
True
Is 1070309 a prime number?
True
Is 120870617 a composite number?
True
Is 63126181 a prime number?
False
Is 135092231 a prime number?
True
Is 342525817 a prime number?
False
Is 9829 composite?
False
Is 15764447 a prime number?
True
Is 1016839 composite?
False
Is 28835341 composite?
True
Is 3167747 composite?
True
Is 262301909 prime?
True
Is 581393 prime?
True
Is 2340923 a composite number?
True
Is 755101 composite?
True
Is 3179551 composite?
False
Is 168990961 a composite number?
True
Is 328412423 a composite number?
True
Is 337641487 a prime number?
True
Is 19823543 composite?
False
Is 375937787 a prime number?
True
Is 4294603 composite?
True
Is 11887469 a composite number?
True
Is 2551771 a composite number?
True
Is 6846473 a composite number?
False
Is 41619547 a composite number?
False
Is 4928327 a prime number?
False
Is 105002967 a composite number?
True
Is 8161427 composite?
False
Is 2718169 composite?
False
Is 2798889 a prime number?
False
Is 83969881 composite?
False
Is 72201923 a composite number?
False
Is 4221713 a composite number?
False
Is 2647786 a prime number?
False
Is 1750681 composite?
False
Is 12775407 a composite number?
True
Is 27147173 a prime number?
True
Is 10911289 composite?
True
Is 3854141 composite?
True
Is 92560369 a composite number?
True
Is 1799867 a composite number?
False
Is 207928151 prime?
True
Is 4368757 a composite number?
True
Is 1062343 prime?
True
Is 7567993 a composite number?
True
Is 1401937 a composite number?
False
Is 22440443 prime?
False
Is 1010333 a prime number?
False
Is 374260703 a prime number?
True
Is 21216047 prime?
True
Is 519383057 composite?
False
Is 2477873 prime?
False
Is 157849691 a prime number?
False
Is 224815433 prime?
False
Is 23941103 a composite number?
False
Is 3155327 composite?
True
Is 43673587 a composite number?
False
Is 5194781 a prime number?
True
Is 1114793 composite?
True
Is 9074657 composite?
True
Is 1148921 prime?
True
Is 95734523 a composite number?
False
Is 951233489 prime?
True
Is 49648853 composite?
False
Is 53679023 a prime number?
True
Is 110797979 prime?
False
Is 548819 composite?
True
Is 1987789 a prime number?
True
Is 40366169 a composite number?
False
Is 124991617 prime?
True
Is 23549051 a composite number?
True
Is 588323 a prime number?
False
Is 1663049 composite?
True
Is 2343737 composite?
True
Is 98136089 a composite number?
False
Is 198179665 composite?
True
Is 8833537 a prime number?
False
Is 2020019 a prime number?
True
Is 21602503 composite?
True
Is 334159 a prime number?
False
Is 62761301 composite?
True
Is 17128153 prime?
False
Is 2581027 composite?
False
Is 307685841 a composite number?
True
Is 7415657 prime?
False
Is 7379843 composite?
True
Is 19177567 prime?
True
Is 129593 a prime number?
True
Is 23034307 a composite number?
False
Is 4784597 a prime number?
True
Is 5702303 prime?
False
Is 1953233 a composite number?
False
Is 562084723 composite?
True
Is 9921053 prime?
True
Is 85590955 composite?
True
Is 33750883 prime?
True
Is 230742643 a composite number?
True
Is 203735839 a composite number?
False
Is 6518783 a co